95
Convert 927 (base 14) to base 12.
105b
Convert 20255 (base 6) to base 8.
5213
Convert 20312200 (base 4) to base 11.
25270
Convert -365 (base 11) to base 2.
-110110010
What is 13200 (base 5) in base 16?
41a
What is -22122 (base 4) in base 13?
-3c3
What is 58 (base 10) in base 3?
2011
Convert -272 (base 10) to base 3.
-101002
1d398 (base 14) to base 7
431051
-134 (base 8) to base 9
-112
Convert -20321 (base 4) to base 6.
-2345
What is -20241 (base 6) in base 8?
-5201
Convert 4366 (base 7) to base 10.
1567
What is 1100100111 (base 2) in base 15?
38c
503 (base 11) to base 13
37a
What is c0 (base 13) in base 10?
156
Convert -2142202 (base 5) to base 2.
-1001000100111001
-1145 (base 15) to base 7
-13454
Convert 1b6 (base 15) to base 4.
12030
What is -50233 (base 6) in base 8?
-14655
What is 305 (base 14) in base 15?
298
Convert -102113 (base 4) to base 15.
-535
Convert -4354 (base 6) to base 12.
-6ba
What is -1522 (base 8) in base 14?
-44a
What is -c15 (base 13) in base 15?
-916
Convert -3d84 (base 14) to base 15.
-3366
Convert 9e7e (base 15) to base 4.
20031230
Convert 46 (base 12) to base 3.
2000
Convert -1024 (base 7) to base 4.
-11221
-3614 (base 10) to base 4
-320132
100101101100011 (base 2) to base 15
5ab9
393c (base 15) to base 13
5730
What is -14973 (base 10) in base 16?
-3a7d
What is -137 (base 8) in base 7?
-164
What is 2a01 (base 12) in base 16?
1321
What is -672 (base 10) in base 2?
-1010100000
Convert 4386 (base 10) to base 5.
120021
2252 (base 7) to base 5
11241
What is 1278 (base 13) in base 11?
1a85
Convert -711 (base 9) to base 4.
-21001
-10667 (base 9) to base 4
-1233010
30 (base 4) to base 5
22
Convert 16570 (base 9) to base 5.
331103
6dea (base 15) to base 13
a858
11010101010 (base 2) to base 15
78b
Convert -102202 (base 4) to base 6.
-5254
What is 10100011111 (base 2) in base 6?
10023
-69aa (base 14) to base 2
-100011111001010
What is 1200221 (base 3) in base 14?
648
What is 63857 (base 10) in base 4?
33211301
What is 110 (base 4) in base 15?
15
-422415 (base 6) to base 7
-201644
What is -2222022222 (base 3) in base 12?
-29a82
-525 (base 6) to base 14
-101
Convert -1c0 (base 15) to base 4.
-12111
Convert 73c1 (base 14) to base 5.
1114330
-1001011001 (base 2) to base 12
-421
Convert 133344 (base 6) to base 9.
18061
What is 1694 (base 14) in base 13?
1ac7
What is -354 (base 6) in base 16?
-8e
75 (base 15) to base 6
302
Convert 6c0 (base 13) to base 9.
1540
What is -2968 (base 10) in base 14?
-1120
329 (base 13) to base 7
1403
-1010100100011101 (base 2) to base 9
-65343
65431 (base 8) to base 7
142635
What is -a9 (base 13) in base 11?
-117
Convert -36a1 (base 14) to base 7.
-36561
-a240 (base 12) to base 16
-44d0
What is 2541 (base 6) in base 14?
337
Convert b473 (base 12) to base 16.
4cd7
What is a57 (base 12) in base 15?
6a7
-70 (base 15) to base 8
-151
What is -1813 (base 11) in base 5?
-33223
What is 10101101010 (base 2) in base 14?
710
43202 (base 8) to base 4
10122002
Convert -2243 (base 9) to base 6.
-11403
What is 1289 (base 10) in base 15?
5ae
What is -17377 (base 8) in base 3?
-101212220
-1111000111011 (base 2) to base 3
-101121122
Convert 142130 (base 5) to base 13.
2900
1dd (base 16) to base 3
122200
Convert 1212011 (base 3) to base 13.
802
11324 (base 5) to base 9
1132
What is 431403 (base 5) in base 12?
854b
-2c4c (base 13) to base 12
-3906
2343 (base 5) to base 9
426
Convert -200102 (base 3) to base 16.
-1f1
What is 4ec (base 16) in base 15?
590
What is 3324 (base 5) in base 8?
720
9720 (base 16) to base 14
10156
What is -121023 (base 4) in base 9?
-2180
What is 1024 (base 7) in base 2?
101101001
Convert 1032003 (base 5) to base 13.
8108
Convert 773 (base 11) to base 16.
39f
What is -3b5 (base 13) in base 3?
-220021
Convert -32 (base 6) to base 4.
-110
Convert 1005 (base 12) to base 5.
23413
-1120002221 (base 3) to base 8
-73751
19b3c (base 13) to base 16
c444
What is -221002 (base 3) in base 4?
-22211
What is -26 (base 14) in base 7?
-46
1c6 (base 13) to base 3
110021
Convert -24775 (base 8) to base 11.
-8092
Convert d8 (base 16) to base 14.
116
What is -513 (base 11) in base 12?
-437
Convert 111102 (base 4) to base 7.
3654
211341 (base 5) to base 4
1232320
-27d (base 14) to base 2
-111110111
-14122 (base 5) to base 13
-6b5
What is 11840 (base 12) in base 3?
1012110110
10211 (base 4) to base 14
16d
Convert -900 (base 13) to base 12.
-a69
What is 21132 (base 6) in base 15?
cae
Convert -1211021 (base 3) to base 11.
-aaa
-eb9c (base 16) to base 15
-12d11
What is 395 (base 13) in base 9?
768
Convert 3ab (base 13) to base 9.
800
What is -11463 (base 10) in base 6?
-125023
Convert -15b (base 15) to base 12.
-21b
-10ea (base 15) to base 6
-24351
Convert -78a (base 13) to base 12.
-901
What is 85035 (base 9) in base 16?
db65
What is 741 (base 10) in base 5?
10431
Convert 1360 (base 15) to base 13.
1b66
-3102 (base 8) to base 4
-121002
Convert -6354 (base 9) to base 12.
-284a
What is -478b (base 15) in base 7?
-62222
Convert a5b (base 16) to base 6.
20135
Convert -33003 (base 4) to base 5.
-12323
What is -1027 (base 8) in base 4?
-20113
What is 92 (base 13) in base 12?
9b
-3775 (base 8) to base 5
-31140
-167 (base 8) to base 15
-7e
Convert -94c7 (base 13) to base 9.
-31242
58185 (base 9) to base 12
1a54b
-508 (base 12) to base 2
-1011011000
Convert -18515 (base 11) to base 15.
-7a25
-1001011110001 (base 2) to base 9
-6577
What is -11242 (base 6) in base 4?
-121022
What is -18c (base 15) in base 12?
-259
Convert -1341 (base 6) to base 15.
-184
What is 150 (base 10) in base 6?
410
-2313030 (base 4) to base 6
-130140
321404 (base 6) to base 15
7bc4
What is 4020 (base 6) in base 11?
727
Convert -1111000100111 (base 2) to base 6.
-55423
170000 (base 8) to base 6
1152240
Convert 101111101100110 (base 2) to base 13.
b168
What is -dac (base 16) in base 2?
-110110101100
Convert 5089 (base 11) to base 14.
2664
433402 (base 5) to base 9
22332
1dc (base 15) to base 12
300
6502 (base 8) to base 3
11122201
What is -ac0b (base 16) in base 3?
-2020102020
Convert 357 (base 11) to base 12.
2b5
8104 (base 14) to base 2
101011010001000
What is 1010010010000 (base 2) in base 12?
3068
What is -171b (base 14) in base 2?
-1000000101101
What is b668 (base 13) in base 2?
110001010110011
Convert -1123110 (base 4) to base 11.
-4433
Convert -163 (base 16) to base 11.
-2a3
What is 464 (base 14) in base 3?
1012022
415b (base 14) to base 9
16383
Convert 216 (base 15) to base 12.
333
-23765 (base 10) to base 6
-302005
Convert 233 (base 9) to base 11.
165
10244 (base 5) to base 15
319
Convert 1301440 (base 5) to base 14.
92b3
What is -10300 (base 5) in base 12?
-4a4
114163 (base 7) to base 8
50302
What is -132 (base 8) in base 13?
-6c
What is 2171 (base 12) in base 8?
7145
Convert -355 (base 6) to base 16.
-8f
Convert 18832 (base 9) to base 3.
122221002
-fc5d (base 16) to base 5
-4031410
What is 3a05 (base 11) in base 5?
131313
124231 (base 5) to base 13
2331
1622 (base 16) to base 4
1120202
Convert -6306 (base 8) to base 7.
-12351
What is 12552 (base 8) in base 6?
41214
Convert cce0 (base 16) to base 4.
30303200
-5320 (base 9) to base 5
-111111
-1339 (base 10) to base 2
-10100111011
Convert 116575 (base 8) to base 14.
1099b
1763 (base 9) to base 5
20403
201e (base 16) to base 3
102021112
130202 (base 5) to base 13
23b8
What is -131200 (base 5) in base 16?
-1437
What is 3600 (base 11) in base 4?
1021233
173 (base 15) to base 9
410
4692 (base 14) to base 7
50542
Convert -720 (base 9) to base 5.
-4320
What is 440 (base 12) in base 3?
212010
What is -212 (base 3) in base 5?
-43
Convert 64241 (base 7) to base 4.
3320201
Convert 10a51 (base 12) to base 4.
11123131
1330 (base 7) to base 9
627
-145 (base 14) to base 7
-515
What is 1012052 (base 6) in base 13?
19064
-1571 (base 8) to base 9
-1187
Convert -153553 (base 7) to base 12.
-15524
321110 (base 4) to base 6
24552
Convert 3a96 (base 11) to base 15.
188d
Convert -11475 (base 8) to base 11.
-3778
-1211244 (base 5) to base 4
-11202223
322c (base 13) to base 5
210332
-18b (base 14) to base 9
-384
Convert -2124010 (base 5) to base 13.
-135a3
Convert -2102121202 (base 3) to base 7.
-256316
-2950 (base 13) to base 11
-4547
-103312 (base 4) to base 9
-1661
8a6 (base 13) to base 14
784
354 (base 13) to base 4
